r when k is divided by 16?
15
Suppose y + 76 = 5*v, -5*v - 5*y - 18 = -88. Calculate the remainder when v is divided by 4.
3
Suppose 5*s - s = 0. Suppose s*x - 10 = -x. What is the remainder when 30 - ((2 - 4) + 4) is divided by x?
8
What is the remainder when 14/(-2)*(-210)/147 is divided by 3?
1
Let a be 80/(-36) + (-2)/(-9). Suppose 3*q = -4*h + 93, -4*h + 145 - 25 = 4*q. What is the remainder when q is divided by 11 + (3/3 - a)?
13
Let t(i) = -2*i - 18. Let v be t(-8). What is the remainder when 21 is divided by (-12 + 13)/(v/(-12))?
3
Let n = -32 - -42. What is the remainder when 11 is divided by n?
1
Let z = 39 + -10. What is the remainder when z is divided by 10?
9
Let j = 25 + -14. Let y(v) = 33*v + 1. Let x be y(1). Let k = x + -13. Calculate the remainder when k is divided by j.
10
Let a(b) = b**3 + 10*b**2 - 3*b - 10. Let z be 5/(6/4 - 2). What is the remainder when 58 is divided by a(z)?
18
Let p be -10 - (3 + (1 - 2)). Let z be (-2)/p - 5/(-6). Let m = z + 21. Calculate the remainder when 42 is divided by m.
20
Suppose -3*w + 40 - 127 = -4*q, -4*q - 145 = 5*w. Let b = -13 - w. What is the remainder when 62 is divided by b?
14
What is the remainder when 4/(4*4/192) is divided by 9?
3
Let c(q) = -3*q**3 - q + 2. What is the remainder when c(-2) is divided by 17?
11
Let c = 52 - 37. Calculate the remainder when 58 is divided by c.
13
Let t(g) = g**3 - 8. Let c be (-1 + (-1 - -2))/(-1). Let l be t(c). Let h = l + 14. What is the remainder when h is divided by 4?
2
Let o = -66 + 108. Calculate the remainder when o is divided by 11.
9
Calculate the remainder when 18 is divided by (5/(-15))/((-1)/21).
4
What is the remainder when (9 - (-9)/(-9)) + 58 is divided by 17/(0 - -1) - 0?
15
Let a = 2 + -2. Calculate the remainder when 34 is divided by 17 + a - (2 - 3).
16
Let x be (-4 - -1)/(3/(-2)). What is the remainder when 0 + -2 + 61 - -2 is divided by 2 + (40/x - 1)?
19
Let r(q) be the third derivative of q**5/60 - q**4/12 - q**3/3 + 2*q**2. Let b be r(-6). Suppose 0 = -2*i + b. Calculate the remainder when i is divided by 8.
7
Let i = -33 + 105. Calculate the remainder when i is divided by 19.
15
Let y(m) = 33*m**2 - m - 2. Let d be y(2). Suppose -3*w + 86 = p - 5*p, 4*w - 2*p - d = 0. Calculate the remainder when w is divided by 9.
7
Suppose 6 = 3*q - 0. Suppose -3*s - q = -35. What is the remainder when 19 is divided by s?
8
Let p = 16 + -10. Let c(z) = -2*z + 11 - 4*z + z + 4*z. Calculate the remainder when c(p) is divided by 3.
2
Let l(b) = 2*b**2 - b + 4. Let x = 5 + 0. Suppose 3*h + 20 = x*o - 14, -o + 8 = -h. Calculate the remainder when l(3) is divided by o.
4
Let o(m) = -m**2 + 6*m - 5. Let f be o(5). Let a = -153 + 216. Suppose a = 3*j - f*j. What is the remainder when j is divided by 11?
10
Let c = -1 - -1. Suppose c = -a - 3*a - 120. Let j = a + 63. Calculate the remainder when j is divided by 17.
16
Suppose -5*p = 4*a - 33 - 40, -4*p + 3*a + 46 = 0. What is the remainder when 35 is divided by p?
9
Suppose -2 - 4 = 3*r. Let h = 2 - r. Suppose 0 = h*t - 53 - 27. Calculate the remainder when t is divided by 11.
9
Let n = -46 - -66. Let a = 57 - 1. Suppose -54*x = -a*x + 116. Calculate the remainder when x is divided by n.
18
Suppose -f + 33 = 2*f + 3*a, -5*a + 10 = 0. What is the remainder when 34 is divided by f?
7
Let h be (-8)/(-12) + (-5)/3. Let m = 3 + h. What is the remainder when m is divided by 1?
0
Let n(d) = -d**2 - 12*d - 17. What is the remainder when 64 is divided by n(-7)?
10
Let n(h) = h**2 - 12*h + 21. Calculate the remainder when 17 is divided by n(11).
7
Suppose -o = -0*o - 2*v - 28, 5*o - 98 = -4*v. What is the remainder when 108 is divided by o?
20
Let d(s) = 3*s**2 + 13*s - 7. Let u(q) = -2*q**2 - 6*q + 4. Let h(k) = 3*d(k) + 5*u(k). What is the remainder when h(8) is divided by 1 + (2 - 0) - -1?
3
Let w = 24 + -16. Calculate the remainder when w is divided by 5.
3
Suppose 3*d = -d + 52. What is the remainder when 100 is divided by d?
9
Suppose 28 = l + 5*r - 0*r, -6 = -2*r. Suppose 0 = 4*w + 20*w - 1200. Calculate the remainder when w is divided by l.
11
Let s(v) = -v + 7. Calculate the remainder when s(-8) is divided by 4.
3
Let c(d) = d - 2. Let r be c(2). Suppose r*w + 3*w - 30 = 0. What is the remainder when 19 is divided by w?
9
Let t(j) = -2*j - 20. Calculate the remainder when 41 is divided by t(-17).
13
Suppose -20 = -4*h + 2*h. Suppose -k + 5 - 1 = 0. What is the remainder when h is divided by k?
2
Let r(c) = 2*c - 3. Suppose 9*m = 4*m - 2*x + 192, -124 = -3*m + x. What is the remainder when m is divided by r(12)?
19
Suppose -5*f + 3*g = 18, -13 = 3*g - 1. Let p(t) = t**2 - 4*t - 7. What is the remainder when p(f) is divided by 18?
17
Suppose 0*o = 5*o - 20. Suppose -o*w + 4 = -12. What is the remainder when 7 is divided by w?
3
Let f = -18 - -31. Suppose -2*n - 2*d = -22, 11 = 2*n + 3*d - f. Calculate the remainder when 35 is divided by n.
8
Let f be ((-1)/(-2) - 0)*42. Suppose 0 = -4*t + 43 + f. Suppose t = 3*v - 8. Calculate the remainder when 14 is divided by v.
6
Calculate the remainder when -2*4/(-16)*106 is divided by 14.
11
Let v(m) = -8*m + 1. What is the remainder when v(-3) is divided by 7 + 0/(6/2)?
4
Let z(a) = a**3 - 9*a**2 - 11*a + 14. Let r be z(10). Suppose -3*g - 2 + 14 = 3*s, 4*s = -20. What is the remainder when ((-2)/r)/(1/(-50)) is divided by g?
7
Calculate the remainder when 203 is divided by ((-82)/(-4) - 0)/(21/42).
39
Suppose 104*x = 107*x - 48. Suppose 3*v + 29 - 118 = -2*k, 3*v - k = 95. Calculate the remainder when v is divided by x.
15
Let r(h) = 6*h**3 - 1. Let l be r(1). Suppose -l*a + 55 = -0*a. Calculate the remainder when 19 is divided by a.
8
Suppose -x - 1 = 0, 0*j + 5*x = j - 46. What is the remainder when j is divided by 11?
8
Let n = 53 - 53. Let j(l) = l**3 - l**2 - 3*l**3 + 3*l**3 + 11. Calculate the remainder when j(n) is divided by 6.
5
Suppose -95 = -5*r - 5*o, 5*o = -0*r - 2*r + 38. Let v = 0 - -4. Suppose 0 = v*f - 84 - 136. Calculate the remainder when f is divided by r.
17
Let m be 12/(-42) - 970/(-14). Suppose 5*w - m = 6. Calculate the remainder when w is divided by 6.
3
Let n(i) = i**3 - 3*i**2 - 4*i + 3. Let t be n(4). Suppose t*v - 21 = -0*v. Let g(w) = w - 2. What is the remainder when 9 is divided by g(v)?
4
Let s be (4/5)/((-3)/15). Let i(k) = k**2 - k - 4. Calculate the remainder when i(s) is divided by (-20)/(-3) + 4/(-6).
4
Let v = 126 - 104. What is the remainder when 108 is divided by v?
20
Let p(v) = 3*v**3 - 2*v**2 - 1. Suppose 2*u = -0*u - 8. Let k = u - -6. Calculate the remainder when 44 is divided by p(k).
14
Let s = 59 + -52. Calculate the remainder when s is divided by 5.
2
Let h = 25 - 10. Suppose -223 = -4*y + 5. What is the remainder when y is divided by h?
12
Let o = 151 - 104. Suppose -4*v + h = 8, 4*v - 3*h = 2*h - 24. What is the remainder when o is divided by 2/(v + (-27)/(-24))?
15
Let i = -11 + 20. Let d be 6*(1 - (-6)/(-9)). Suppose -g + i = d*g. Calculate the remainder when 5 is divided by g.
2
Calculate the remainder when 3/((-9)/(-66)) + 0 is divided by 6.
4
Calculate the remainder when (6 + -7)*(-27 + -1) is divided by 12/(-66) + 224/22.
8
Suppose 32 = 2*v + 3*l - 5, -3*l + 9 = 0. Suppose -f + 37 = 33. Calculate the remainder when v is divided by f.
2
Let c be 44 + -1 + 11 + -8. Suppose -k + 12 = -c. What is the remainder when k is divided by 15?
13
Let t(x) = x**3 + 3*x**2 + x - 2. Suppose 0 = 6*g - 2*g + 8. Let a be t(g). Suppose a*q - 68 = -2*q. What is the remainder when q is divided by 12?
10
Suppose -6*p + p = m - 6, 5*m + 3*p = 52. Let y be (-14)/(-4) - (-4)/(-8). Suppose 4*f = y*f + 21. What is the remainder when f is divided by m?
10
Suppose -156 = -3*s - 18. Calculate the remainder when 49 is divided by 4 + -2 + s/2.
24
Suppose 9*d - 370 = -d. What is the remainder when d is divided by 10?
7
Let u be -3*(-7)/(42/4). Suppose -5*m + 25 = 0, -4*c + u*m - 6*m = -64. Suppose -3 = -w, 2*w + 13 - 50 = -h. Calculate the remainder when h is divided by c.
9
Let k(z) = -18*z. Calculate the remainder when k(-1) is divided by 4.
2
Let m be ((-165)/(-25))/((-2)/(-10)). What is the remainder when 2/(3/75 - 0) is divided by (m - -1)*(-4)/(-8)?
16
Calculate the remainder when 357/5 - 3*(-14)/(-105) is divided by 24.